hat are the prime factors of 2868085849?
2868085849
What are the prime factors of 2681899994?
2, 47, 2083, 13697
List the prime factors of 2682625140.
2, 3, 5, 13, 1146421
List the prime factors of 146246910.
2, 3, 5, 167, 29191
List the prime factors of 2283404364.
2, 3, 101, 209333
What are the prime factors of 3126065373?
3, 1669, 69371
List the prime factors of 1498107787.
11, 136191617
List the prime factors of 85944787.
6101, 14087
What are the prime factors of 5606944206?
2, 3, 373, 2505337
List the prime factors of 298928969.
17, 79, 103, 2161
List the prime factors of 23424919.
7, 3346417
List the prime factors of 763409072.
2, 17, 2806651
What are the prime factors of 75564747?
3, 1217, 6899
List the prime factors of 42479130.
2, 3, 5, 1415971
List the prime factors of 24307393.
11, 2209763
What are the prime factors of 957920681?
957920681
List the prime factors of 572909999.
89, 103, 62497
List the prime factors of 721311523.
721311523
List the prime factors of 70667302.
2, 35333651
List the prime factors of 456545296.
2, 28534081
List the prime factors of 394276259.
13, 31, 269, 3637
What are the prime factors of 50787667?
7, 263, 563
List the prime factors of 4304382090.
2, 3, 5, 107, 1340929
List the prime factors of 78557704.
2, 19, 257, 2011
List the prime factors of 1303029073.
17, 29, 2643061
What are the prime factors of 160673514?
2, 3, 29, 923411
What are the prime factors of 55943285?
5, 11188657
List the prime factors of 35178789.
3, 11726263
What are the prime factors of 38315609?
19, 37, 54503
List the prime factors of 2880288.
2, 3, 73, 137
List the prime factors of 2913775586.
2, 167, 8723879
What are the prime factors of 6411714?
2, 3, 1068619
What are the prime factors of 1845591135?
3, 5, 163, 179, 4217
List the prime factors of 11844075.
3, 5, 79, 1999
What are the prime factors of 3306454619?
13, 254342663
What are the prime factors of 2282127305?
5, 29, 15738809
What are the prime factors of 745807994?
2, 307, 1214671
What are the prime factors of 544059909?
3, 997, 6737
List the prime factors of 2467241.
7, 352463
List the prime factors of 623632053.
3, 11, 31, 43, 14177
What are the prime factors of 60769041?
3, 811, 24977
What are the prime factors of 193627104?
2, 3, 11, 79, 211
List the prime factors of 3214458298.
2, 1607229149
What are the prime factors of 302544554?
2, 13, 1697, 6857
List the prime factors of 336824943.
3, 7, 13, 94907
List the prime factors of 782779366.
2, 19, 53, 137, 2837
What are the prime factors of 32321207?
719, 44953
What are the prime factors of 482422843?
7, 68917549
What are the prime factors of 678372322?
2, 339186161
List the prime factors of 86140589.
23, 3745243
List the prime factors of 115471253.
115471253
What are the prime factors of 1053036465?
3, 5, 13, 37, 103, 109
What are the prime factors of 279214026?
2, 3, 7, 13, 139, 283
List the prime factors of 78517420.
2, 5, 31, 126641
List the prime factors of 481678958.
2, 79, 3048601
List the prime factors of 314258744.
2, 39282343
List the prime factors of 226414350.
2, 3, 5, 43, 11701
What are the prime factors of 418839426?
2, 3, 23268857
What are the prime factors of 100848378?
2, 3, 97, 241, 719
List the prime factors of 563909051.
67, 71, 118543
List the prime factors of 2445327924.
2, 3, 13, 59, 107, 191
List the prime factors of 280856461.
19, 59, 199, 1259
List the prime factors of 1869545735.
5, 373909147
What are the prime factors of 4163794572?
2, 3, 7, 6269, 7907
List the prime factors of 17275583.
13, 1328891
What are the prime factors of 7019101380?
2, 3, 5, 59, 1982797
List the prime factors of 1974622928.
2, 67, 557, 3307
List the prime factors of 1067836672.
2, 7, 179, 3329
List the prime factors of 2287476529.
13, 29, 6067577
What are the prime factors of 2031304103?
2031304103
What are the prime factors of 156472650?
2, 3, 5, 347717
List the prime factors of 61925127.
3, 11, 1876519
List the prime factors of 77052560.
2, 5, 13, 43, 1723
List the prime factors of 2387468942.
2, 73, 953, 17159
List the prime factors of 1291310059.
13, 99331543
List the prime factors of 72661040.
2, 5, 79, 11497
List the prime factors of 7414966.
2, 13, 285191
List the prime factors of 483970277.
7, 69138611
What are the prime factors of 503054103?
3, 1009, 166189
List the prime factors of 48836370.
2, 3, 5, 11, 83, 1783
List the prime factors of 114593988.
2, 3, 9549499
List the prime factors of 606947556.
2, 3, 37, 157, 8707
List the prime factors of 44315314.
2, 53, 418069
What are the prime factors of 1721168519?
7, 17, 929, 15569
What are the prime factors of 37546590?
2, 3, 5, 29, 103, 419
List the prime factors of 69723885.
3, 5, 7, 11, 17, 53, 67
What are the prime factors of 286713230?
2, 5, 19, 199, 7583
What are the prime factors of 13575592?
2, 41, 41389
List the prime factors of 422342985.
3, 5, 17, 1656247
List the prime factors of 6027334005.
3, 5, 7, 11, 5218471
What are the prime factors of 5116688?
2, 199, 1607
What are the prime factors of 982745706?
2, 3, 163790951
List the prime factors of 3978407.
1723, 2309
List the prime factors of 2597472254.
2, 13, 19, 276739
What are the prime factors of 111598933?
111598933
List the prime factors of 670565402.
2, 13, 31, 831967
What are the prime factors of 114867382?
2, 7, 23, 356731
List the prime factors of 1218300890.
2, 5, 587, 207547
What are the prime factors of 2721158314?
2, 7, 194368451
What are the prime factors of 114114405?
3, 5, 7607627
What are the prime factors of 2025350111?
29, 69839659
List the prime factors of 566333583.
3, 188777861
What are the prime factors of 228686?
2, 114343
List the prime factors of 906422420.
2, 5, 45321121
List the prime factors of 26596401.
3, 13, 263, 2593
List the prime factors of 244557626.
2, 19, 467, 13781
List the prime factors of 3697150518.
2, 3, 205397251
List the prime factors of 84319806.
2, 3, 14053301
List the prime factors of 2558630910.
2, 3, 5, 11, 704857
List the prime factors of 1584964334.
2, 887, 893441
List the prime factors of 572267928.
2, 3, 3257, 7321
List the prime factors of 745341593.
745341593
List the prime factors of 65197399.
65197399
What are the prime factors of 56314218?
2, 3, 71, 163, 811
What are the prime factors of 1168446876?
2, 3, 19, 1013, 5059
What are the prime factors of 94704914?
2, 47352457
What are the prime factors of 505264149?
3, 13, 479833
What are the prime factors of 225929847?
3, 11, 13, 17, 2383
List the prime factors of 281278602.
2, 3, 11, 473533
List the prime factors of 1876341414.
2, 3, 263, 1189063
List the prime factors of 331435490.
2, 5, 29, 1142881
What are the prime factors of 5270807693?
197, 653, 40973
List the prime factors of 2496917863.
11, 103, 2203811
List the prime factors of 4831406.
2, 2415703
List the prime factors of 41489672.
2, 7, 53, 1997
List the prime factors of 5759604995.
5, 19, 1789, 33889
List the prime factors of 100080457.
5081, 19697
What are the prime factors of 1751018005?
5, 11, 1429, 22279
What are the prime factors of 1178447003?
37, 773, 41203
What are the prime factors of 185147052?
2, 3, 15428921
What are the prime factors of 312860596?
2, 419, 186671
What are the prime factors of 293960726?
2, 146980363
List the prime factors of 36005260.
2, 5, 31, 58073
List the prime factors of 2067130792.
2, 163, 1091, 1453
What are the prime factors of 7034904?
2, 3, 32569
List the prime factors of 89902918.
2, 7, 6421637
List the prime factors of 5077634487.
3, 1692544829
List the prime factors of 199774884.
2, 3, 79, 359, 587
List the prime factors of 62040778.
2, 397, 78137
List the prime factors of 152464107.
3, 29, 31, 56531
List the prime factors of 6942705369.
3, 73, 271, 116981
List the prime factors of 503225664.
2, 3, 2620967
What are the prime factors of 42988516?
2, 757, 14197
List the prime factors of 3694409619.
3, 15731, 78283
What are the prime factors of 328601?
7, 13, 23, 157
What are the prime factors of 2813506601?
29, 101, 960569
What are the prime factors of 3109766430?
2, 3, 5, 181, 269, 2129
What are the prime factors of 220580572?
2, 719, 76697
What are the prime factors of 1979090064?
2, 3, 7, 641, 1021
What are the prime factors of 331629216?
2, 3, 157, 22003
List the prime factors of 68329640